 and 1505?
35
Calculate the highest common divisor of 19 and 2166.
19
What is the greatest common divisor of 540 and 30?
30
What is the highest common divisor of 2 and 142?
2
Calculate the greatest common divisor of 123 and 6.
3
Calculate the highest common divisor of 611 and 47.
47
What is the highest common factor of 213 and 71?
71
Calculate the greatest common divisor of 10875 and 145.
145
What is the greatest common divisor of 111 and 1628?
37
Calculate the highest common divisor of 2400 and 1536.
96
Calculate the highest common divisor of 22248 and 515.
103
What is the greatest common factor of 740 and 70?
10
What is the highest common divisor of 39 and 2379?
39
What is the greatest common divisor of 280 and 9632?
56
What is the greatest common divisor of 1566 and 1218?
174
What is the highest common factor of 1188 and 88?
44
Calculate the greatest common divisor of 25 and 275.
25
Calculate the greatest common divisor of 370 and 222.
74
What is the greatest common divisor of 469 and 201?
67
What is the greatest common divisor of 994 and 14?
14
What is the highest common factor of 364 and 2639?
91
Calculate the highest common factor of 58 and 261.
29
What is the highest common divisor of 26 and 19?
1
What is the highest common divisor of 44 and 61028?
44
Calculate the greatest common factor of 75 and 285.
15
What is the highest common factor of 1156 and 1224?
68
What is the highest common divisor of 4446 and 19?
19
Calculate the highest common factor of 102 and 6.
6
Calculate the greatest common factor of 21 and 1239.
21
What is the highest common divisor of 676 and 39?
13
Calculate the highest common factor of 252 and 648.
36
What is the greatest common factor of 56 and 64?
8
What is the greatest common factor of 61341 and 483?
483
What is the greatest common divisor of 48 and 128?
16
Calculate the greatest common factor of 245 and 1505.
35
What is the greatest common divisor of 962 and 37?
37
What is the highest common factor of 67 and 2479?
67
Calculate the highest common factor of 1819 and 68.
17
What is the highest common factor of 302 and 43639?
151
Calculate the highest common divisor of 18 and 126.
18
What is the greatest common factor of 52 and 234?
26
What is the highest common divisor of 32 and 992?
32
What is the greatest common divisor of 256 and 17344?
64
What is the greatest common factor of 946 and 86?
86
What is the highest common factor of 48 and 1640?
8
What is the highest common factor of 11 and 22121?
11
What is the greatest common divisor of 988 and 76?
76
What is the highest common divisor of 306 and 204?
102
Calculate the greatest common divisor of 16 and 3.
1
What is the highest common factor of 64 and 2?
2
Calculate the highest common factor of 63 and 147.
21
Calculate the greatest common divisor of 3 and 1691.
1
What is the greatest common factor of 49 and 7763?
7
Calculate the greatest common divisor of 60 and 96.
12
Calculate the greatest common divisor of 3234 and 198.
66
Calculate the greatest common divisor of 33 and 957.
33
What is the greatest common divisor of 486 and 14499?
81
What is the greatest common divisor of 27 and 1044?
9
What is the greatest common factor of 2493 and 36?
9
Calculate the greatest common factor of 18 and 72.
18
What is the highest common divisor of 108 and 10?
2
What is the highest common divisor of 1258 and 222?
74
Calculate the highest common factor of 5 and 725.
5
Calculate the greatest common factor of 544 and 34.
34
What is the highest common divisor of 9340 and 20?
20
What is the highest common divisor of 340 and 357?
17
Calculate the greatest common factor of 25 and 575.
25
Calculate the greatest common factor of 9855 and 876.
219
Calculate the greatest common divisor of 209 and 11.
11
Calculate the highest common factor of 418 and 266.
38
What is the greatest common factor of 726 and 231?
33
Calculate the highest common divisor of 98 and 14.
14
Calculate the highest common factor of 126 and 11634.
42
What is the highest common divisor of 46 and 18929?
23
What is the highest common divisor of 833 and 1715?
49
What is the greatest common divisor of 308 and 11?
11
What is the greatest common factor of 187 and 88?
11
What is the highest common divisor of 429 and 2067?
39
What is the greatest common divisor of 3256 and 176?
88
Calculate the highest common divisor of 44 and 33.
11
What is the highest common factor of 240 and 330?
30
What is the highest common factor of 1 and 81?
1
Calculate the highest common divisor of 99 and 24.
3
What is the greatest common factor of 108 and 1161?
27
Calculate the highest common divisor of 864 and 27.
27
Calculate the highest common factor of 14280 and 120.
120
Calculate the greatest common factor of 675 and 45.
45
Calculate the highest common factor of 20 and 1940.
20
Calculate the highest common divisor of 20 and 13480.
20
What is the greatest common divisor of 96 and 3264?
96
What is the highest common factor of 9 and 45?
9
Calculate the greatest common factor of 16038 and 66.
66
What is the greatest common divisor of 253 and 437?
23
What is the greatest common factor of 164054 and 22?
22
Calculate the highest common factor of 180 and 105.
15
Calculate the greatest common factor of 224 and 28.
28
What is the greatest common divisor of 2 and 53?
1
What is the greatest common factor of 162 and 8667?
81
What is the greatest common divisor of 4152 and 54?
6
What is the greatest common factor of 6713 and 49?
49
What is the highest common factor of 280 and 120?
40
Calculate the greatest common factor of 19431 and 153.
153
Calculate the greatest common divisor of 3 and 8079.
3
Calculate the greatest common divisor of 18 and 27.
9
Calculate the greatest common divisor of 81 and 72.
9
Calculate the highest common factor of 1122 and 4.
2
Calculate the greatest common factor of 375 and 1675.
25
What is the greatest common factor of 56 and 1036?
28
What is the highest common factor of 650 and 70?
10
What is the highest common divisor of 180 and 270?
90
Calculate the highest common factor of 80 and 7380.
20
What is the highest common divisor of 616 and 56?
56
Calculate the highest common factor of 34 and 799.
17
What is the greatest common divisor of 28 and 448?
28
What is the highest common divisor of 3796 and 39?
13
Calculate the greatest common divisor of 54 and 1818.
18
Calculate the greatest common factor of 105 and 1344.
21
What is the highest common divisor of 323 and 152?
19
Calculate the greatest common divisor of 55 and 187.
11
What is the greatest common divisor of 396 and 1892?
44
Calculate the greatest common divisor of 144 and 14928.
48
Calculate the highest common divisor of 162 and 4293.
81
Calculate the highest common factor of 30 and 570.
30
What is the highest common divisor of 31 and 961?
31
What is the highest common divisor of 6721 and 423?
47
Calculate the highest common divisor of 440 and 160.
40
What is the greatest common divisor of 4 and 64?
4
Calculate the highest common divisor of 10 and 2070.
10
Calculate the greatest common divisor of 703 and 57.
19
What is the highest common factor of 543 and 15?
3
What is the greatest common factor of 2494 and 1?
1
Calculate the greatest common factor of 148 and 8.
4
What is the greatest common divisor of 21 and 483?
21
What is the highest common divisor of 63 and 42?
21
What is the greatest common factor of 28 and 44?
4
Calculate the greatest common factor of 407 and 148.
37
What is the greatest common factor of 486 and 24?
6
Calculate the greatest common divisor of 46062 and 18.
18
Calculate the greatest common factor of 88 and 2552.
88
Calculate the greatest common divisor of 528 and 156.
12
What is the greatest common factor of 203 and 1309?
7
What is the greatest common divisor of 5566 and 1771?
253
Calculate the highest common factor of 19 and 37031.
19
Calculate the highest common factor of 57 and 648.
3
What is the greatest common divisor of 4 and 50?
2
What is the greatest common factor of 459 and 68?
17
Calculate the highest common factor of 288 and 43872.
96
Calculate the highest common factor of 1507 and 2329.
137
Calculate the highest common divisor of 99 and 825.
33
Calculate the greatest common factor of 112 and 35.
7
Calculate the greatest common factor of 639 and 2